t common factor of 55724603 and 44?
11
What is the greatest common divisor of 160213261 and 26?
13
What is the greatest common divisor of 39237600 and 3600?
1200
What is the greatest common divisor of 1475 and 4396075?
25
Calculate the highest common factor of 9570 and 1493558.
638
Calculate the greatest common factor of 41920 and 46243.
131
What is the highest common factor of 2080 and 9740900?
260
Calculate the greatest common divisor of 209216352 and 128.
32
Calculate the highest common divisor of 4664055 and 4485.
345
What is the greatest common divisor of 3858 and 1410241746?
3858
Calculate the greatest common factor of 5840 and 24076130.
730
Calculate the highest common factor of 46915054 and 2198.
314
Calculate the highest common divisor of 55 and 94182055.
55
What is the greatest common factor of 28053581 and 7648?
239
Calculate the greatest common factor of 88 and 10947128.
8
What is the highest common factor of 124900 and 3380?
20
What is the highest common divisor of 15406551 and 108?
27
What is the greatest common factor of 17400754 and 812?
406
Calculate the greatest common factor of 32967072 and 882.
18
What is the highest common factor of 18337132 and 26224?
6556
What is the highest common factor of 879890 and 77330?
2090
What is the highest common factor of 45 and 15814443?
3
Calculate the highest common divisor of 30900 and 752910.
30
What is the greatest common factor of 42 and 133365274?
14
What is the highest common divisor of 47958148 and 112?
28
What is the greatest common divisor of 186472 and 336921?
2119
Calculate the highest common factor of 123194736 and 108.
108
Calculate the highest common divisor of 44248536 and 36.
36
What is the greatest common divisor of 894061959 and 2589?
2589
What is the greatest common factor of 94251 and 1322691?
1059
Calculate the greatest common factor of 686 and 121476292.
98
What is the highest common divisor of 3580132 and 9452?
68
Calculate the greatest common divisor of 6903241 and 68.
17
What is the greatest common factor of 74135863 and 346?
173
What is the greatest common divisor of 38717119 and 46?
23
Calculate the highest common factor of 208071 and 45101.
379
What is the highest common factor of 198936 and 49896?
648
What is the highest common factor of 176605 and 1951015?
1045
What is the greatest common factor of 285 and 13812639?
57
What is the highest common divisor of 119461 and 128439?
67
Calculate the greatest common factor of 680484 and 82.
2
Calculate the greatest common divisor of 19560506 and 170.
34
Calculate the highest common factor of 38577 and 62601.
231
What is the highest common divisor of 318285036 and 361?
361
Calculate the greatest common divisor of 549 and 3562826085.
549
Calculate the greatest common factor of 180 and 40987260.
180
Calculate the highest common divisor of 52589684 and 508.
508
What is the highest common divisor of 791552 and 271360?
1024
Calculate the highest common divisor of 104495 and 40.
5
Calculate the highest common divisor of 265 and 313080116.
53
What is the greatest common factor of 13277488 and 112?
112
What is the highest common factor of 15789 and 93?
3
Calculate the highest common factor of 1498526569 and 2181.
727
What is the highest common factor of 3924875 and 23375?
2125
Calculate the highest common divisor of 332 and 23634167.
83
Calculate the greatest common factor of 57736532 and 1288.
644
What is the highest common factor of 141904453 and 7569?
841
Calculate the highest common factor of 1668 and 293772.
12
Calculate the highest common factor of 20729 and 7985029.
1091
What is the highest common factor of 10 and 10354680?
10
Calculate the highest common factor of 8769 and 1899543.
111
Calculate the greatest common divisor of 119375858 and 378.
14
Calculate the highest common divisor of 7061468 and 3572.
188
Calculate the greatest common divisor of 97566749 and 3829.
3829
What is the highest common divisor of 209 and 88322146?
209
What is the highest common divisor of 845740 and 35?
35
Calculate the highest common divisor of 65 and 321243403.
13
Calculate the highest common divisor of 769880 and 4370.
190
Calculate the greatest common factor of 2835 and 20824055.
35
What is the greatest common divisor of 285651540 and 360?
180
What is the highest common factor of 8040784 and 8?
8
Calculate the highest common factor of 6376539 and 6591.
507
Calculate the highest common factor of 952 and 469963368.
952
What is the highest common divisor of 53572 and 69916?
908
Calculate the highest common factor of 2835021 and 102048.
3189
What is the greatest common factor of 11848 and 11483674?
2962
Calculate the highest common divisor of 1789188 and 36.
12
What is the greatest common factor of 401271180 and 100?
20
What is the greatest common factor of 69722 and 8178064?
142
What is the greatest common factor of 20 and 2071136390?
10
What is the highest common factor of 253 and 522422?
23
What is the greatest common divisor of 54092079 and 25092?
6273
Calculate the greatest common factor of 98296 and 30712.
88
What is the highest common factor of 2904 and 935082192?
2904
What is the greatest common divisor of 94710 and 4257660?
330
What is the highest common factor of 1616 and 2468238?
202
Calculate the greatest common factor of 580954 and 473.
11
Calculate the greatest common divisor of 235586721 and 789.
789
What is the highest common factor of 432 and 188680192?
16
What is the highest common divisor of 2688 and 516572?
28
What is the greatest common divisor of 19179325 and 77?
11
What is the highest common factor of 109072209 and 167?
167
Calculate the greatest common divisor of 437551361 and 494.
247
What is the highest common factor of 1319423 and 7693?
49
Calculate the greatest common divisor of 342 and 21491280.
342
What is the greatest common divisor of 1166224 and 6?
2
Calculate the greatest common divisor of 308955 and 67467.
129
What is the highest common factor of 5353 and 1115141?
101
What is the greatest common divisor of 6729890 and 13480?
3370
Calculate the highest common divisor of 1429921057 and 19.
19
What is the greatest common divisor of 709394 and 49?
7
What is the greatest common divisor of 221 and 13296101?
13
Calculate the greatest common divisor of 21101265 and 31365.
1845
Calculate the greatest common divisor of 1383729685 and 26.
13
Calculate the greatest common divisor of 2729371 and 75287.
79
Calculate the highest common divisor of 2293558435 and 35.
35
Calculate the highest common divisor of 59403452 and 4.
4
Calculate the highest common divisor of 38122 and 646044.
14
What is the greatest common divisor of 5160 and 339356?
172
What is the highest common factor of 2867325 and 35?
5
What is the greatest common factor of 58 and 807420?
2
What is the greatest common divisor of 6120 and 38264?
8
Calculate the greatest common factor of 68076471 and 6777.
753
Calculate the greatest common divisor of 344191 and 180197.
491
Calculate the highest common factor of 9144 and 123571.
127
Calculate the greatest common factor of 396 and 34246212.
132
Calculate the greatest common factor of 281146 and 34.
34
Calculate the highest common divisor of 27456 and 1359424.
704
What is the greatest common divisor of 74 and 28537434?
74
What is the highest common factor of 9622 and 1360?
34
What is the highest common divisor of 251398 and 3654?
14
What is the highest common factor of 113904 and 40698?
126
What is the highest common divisor of 414999 and 819?
117
Calculate the greatest common factor of 1530 and 21520470.
510
What is the greatest common divisor of 3348 and 6755706?
558
Calculate the greatest common divisor of 1044 and 2455281.
9
What is the highest common divisor of 27623 and 49243?
23
Calculate the highest common divisor of 29529 and 18173.
17
Calculate the highest common factor of 1698456 and 24.
24
Calculate the greatest common divisor of 162714468 and 420.
84
What is the greatest common divisor of 92539 and 15913517?
3191
What is the greatest common divisor of 24456 and 10744336?
8152
What is the highest common factor of 66 and 10848486?
66
What is the highest common divisor of 696058 and 110?
22
What is the highest common divisor of 18224 and 3344372?
268
What is the greatest common divisor of 697427 and 